 (base 15) to base 6.
25540001
Convert 311012313 (base 4) to base 13.
7801b
Convert 5815775 (base 9) to base 10.
3140438
Convert 593f3 (base 16) to base 5.
43144210
What is 10425314 (base 6) in base 14?
82a3c
-572e8 (base 16) to base 14
-941cc
5a89c (base 13) to base 12
80268
What is -233251 (base 8) in base 10?
-79529
What is -8c381 (base 15) in base 7?
-3536104
What is -21333021 (base 4) in base 10?
-40905
What is 373062 (base 8) in base 10?
128562
What is -11114014023 (base 5) in base 9?
-25042355
Convert -170258c (base 13) to base 4.
-130112100233
Convert 68f7b (base 16) to base 6.
13114255
Convert -102012223122 (base 4) to base 12.
-170a5b6
What is 33033322 (base 6) in base 12?
3b5842
22031024 (base 6) to base 11
40992a
What is 642414 (base 8) in base 11?
136aa4
What is 45451 (base 9) in base 5?
1432014
Convert -17c4b (base 16) to base 11.
-67165
-11a7 (base 14) to base 11
-2357
What is 107bd (base 16) in base 7?
400562
Convert 214341315 (base 6) to base 4.
32231010233
What is -7bb75 (base 14) in base 11?
-19645a
Convert -182108 (base 9) to base 13.
-3c61a
-841388 (base 9) to base 7
-4150550
1110102101 (base 3) to base 15
87ad
Convert 1100101222200 (base 3) to base 16.
aef36
What is 1408224 (base 9) in base 8?
2747025
What is 318164 (base 9) in base 7?
1420000
Convert 614c (base 15) to base 5.
1124142
-87c449 (base 16) to base 15
-bab4de
218118 (base 11) to base 7
2645132
Convert -1612136 (base 7) to base 15.
-45a1e
Convert 67b066 (base 16) to base 11.
3921506
What is -110100100100100010000 (base 2) in base 6?
-100531104
What is 4294bc (base 16) in base 11?
2510365
Convert 402333010 (base 5) to base 7.
16434260
Convert 100000010100010110101 (base 2) to base 15.
15db9c
Convert -101ae (base 16) to base 3.
-10100111012
Convert -111001000010011101010 (base 2) to base 7.
-21613036
What is -201211210220 (base 3) in base 7?
-3214536
-1b5035 (base 12) to base 14
-c8d85
11012112 (base 3) to base 4
233321
2317112 (base 9) to base 6
42455145
Convert 528a1 (base 13) to base 5.
14224212
Convert -111124104 (base 5) to base 6.
-14253103
-252309 (base 14) to base 6
-43145141
Convert 62291 (base 16) to base 14.
a674d
-344060 (base 8) to base 6
-2300400
Convert d39662 (base 16) to base 12.
4788796
Convert b8987b (base 15) to base 10.
8790416
-50c82c (base 14) to base 6
-134213304
1f40e (base 16) to base 2
11111010000001110
-52ba135 (base 12) to base 3
-1002111021111212
-1130404 (base 6) to base 2
-1110010001100100
-23537 (base 11) to base 5
-2041140
42a461 (base 12) to base 2
100000001100000001001
What is -2b72 (base 15) in base 4?
-2101310
1441631 (base 7) to base 10
195140
Convert -7b01b (base 14) to base 12.
-125129
Convert -1777e83 (base 15) to base 5.
-13333300043
-38c2 (base 14) to base 16
-26f2
ca996 (base 13) to base 14
97718
What is 131125 (base 7) in base 4?
11331211
Convert 220423 (base 11) to base 6.
11313045
Convert -4e9ac (base 15) to base 12.
-101969
Convert -2311231031 (base 4) to base 7.
-6216611
What is -30110030212 (base 4) in base 15?
-43b8a4
What is 221849 (base 10) in base 7?
1612535
Convert 105c3 (base 16) to base 8.
202703
Convert 1b13a70 (base 12) to base 7.
66610353
What is -817825 (base 10) in base 7?
-6644221
-221030121 (base 4) to base 11
-105850
-4262d (base 15) to base 13
-74b54
Convert -376262 (base 8) to base 3.
-20121122012
-110000100001111 (base 2) to base 10
-24847
What is c62022 (base 15) in base 13?
1c4c078
-229129 (base 16) to base 9
-4232464
-181551 (base 15) to base 12
-484587
What is -11033200 (base 5) in base 7?
-550013
-510441 (base 8) to base 16
-29121
26b8c (base 16) to base 5
20033404
-1858001 (base 9) to base 8
-3764047
-acdf0 (base 16) to base 11
-443a9a
-490217 (base 15) to base 8
-15247335
Convert 4251125 (base 6) to base 14.
561d3
Convert -1085103 (base 10) to base 3.
-2001010111000
What is 4224033410 (base 5) in base 7?
134632200
130524344 (base 6) to base 7
30530041
Convert 675483 (base 9) to base 2.
1100010101100101001
Convert c9283 (base 15) to base 11.
3a6748
Convert -cd0d8e (base 15) to base 3.
-200101112222022
What is -130123121 (base 4) in base 9?
-186648
What is 317450 (base 8) in base 15?
21755
Convert 50028 (base 10) to base 12.
24b50
What is -4011135 (base 6) in base 15?
-3ab65
Convert -154440342 (base 6) to base 5.
-1321133332
What is 4331004122 (base 5) in base 15?
c2640c
What is 253503413 (base 6) in base 3?
100021220102200
682436 (base 11) to base 3
2001012120011
33634642 (base 8) to base 6
420122310
What is 333000111 (base 4) in base 12?
105419
375c8d (base 14) to base 12
776871
Convert -101000000000110101 (base 2) to base 10.
-163893
240793 (base 10) to base 12
b7421
Convert c3739a (base 13) to base 16.
45899c
Convert -355745 (base 12) to base 13.
-241505
-4101431 (base 5) to base 7
-363013
Convert -202201201201 (base 3) to base 9.
-681651
What is 13523440 (base 7) in base 3?
2101100102101
1b78a3 (base 13) to base 7
5653414
Convert 5804b (base 12) to base 13.
41684
1208671 (base 9) to base 2
10100000001000110001
Convert -188c895 (base 13) to base 10.
-8053479
Convert -21d0e0 (base 15) to base 4.
-12021322110
Convert -178106 (base 12) to base 15.
-80d23
What is 7467175 (base 8) in base 14?
39cb49
What is 1b926a (base 12) in base 10?
492850
What is 200020020101 (base 3) in base 11?
225669
Convert a432 (base 13) to base 5.
1211222
Convert 111446015 (base 7) to base 10.
6784895
-11000010000010010111 (base 2) to base 13
-21a9a7
What is 37020 (base 13) in base 6?
2100000
What is 1422111012 (base 5) in base 6?
211242023
-27402366 (base 8) to base 3
-102121001012102
Convert -24b4bb0 (base 12) to base 6.
-414223540
What is 1022021120120 (base 3) in base 4?
2221202130
Convert -a0ad (base 14) to base 15.
-8298
What is 22285 (base 14) in base 11?
5725a
Convert -26a471 (base 12) to base 11.
-3a7948
-573a949 (base 11) to base 2
-100110010100000010010001
220021221021 (base 3) to base 9
807837
Convert -c1b3b (base 13) to base 15.
-6cb78
Convert 39766 (base 10) to base 15.
bbb1
-a2652e (base 16) to base 13
-228829b
-1365201 (base 7) to base 14
-4b238
-737209 (base 13) to base 14
-5041c0
What is 16a0c (base 16) in base 9?
151122
What is -102011120121 (base 3) in base 5?
-24013400
What is -734806 (base 9) in base 8?
-1524564
Convert 1111111110111100000101 (base 2) to base 11.
2401a82
Convert -11001101101111011 (base 2) to base 13.
-38c40
What is 340009 (base 10) in base 8?
1230051
-80871 (base 13) to base 12
-b1090
Convert 122032115 (base 6) to base 15.
312762
Convert -1a712 (base 11) to base 12.
-1480b
Convert -a0f7 (base 16) to base 3.
-2002112012
Convert -39c03 (base 13) to base 11.
-73836
396085 (base 11) to base 16
98199
1110210100220 (base 3) to base 8
2771555
Convert -2064216 (base 8) to base 11.
-347019
Convert -16a1661 (base 14) to base 4.
-222200313011
Convert -2021100202212 (base 3) to base 10.
-1207787
Convert -201122001110 (base 3) to base 8.
-1362551
What is -102202001 (base 3) in base 8?
-20560
What is 12411220 (base 5) in base 3?
20020021220
-8a4a4a (base 11) to base 7
-15152231
-550444 (base 11) to base 15
-125697
52499 (base 12) to base 9
173820
What is 6cb1ff (base 16) in base 6?
412402543
Convert 32424341 (base 6) to base 15.
141b5d
-323223122023 (base 4) to base 2
-111011101011011010001011
Convert 146c0 (base 15) to base 7.
362262
What is 4b117 (base 13) in base 6?
2545400
Convert 24034451 (base 6) to base 7.
6246511
What is -485a1 (base 14) in base 12?
-86341
What is 1355187 (base 9) in base 7?
6222406
Convert -142044001 (base 5) to base 14.
-152a1a
What is -2168cb (base 13) in base 7?
-6452050
Convert -24230413 (base 6) to base 15.
-101ec9
132113232 (base 5) to base 2
10100001001111011010
Convert 985686 (base 11) to base 16.
1804ae
Convert -2b295 (base 12) to base 16.
-edd1
Convert 28cd93 (base 14) to base 8.
5322525
What is 402552 (base 8) in base 3?
20201200212
What is -20326045 (base 7) in base 15?
-23a01a
What is -731852 (base 9) in base 2?
-1101010000100010010
What is 200110221111 (base 3) in base 8?
1306322
What is 1c1207 (base 13) in base 15?
e24b2
Convert -1913367 (base 10) to base 13.
-51cb91
What is -102506334 (base 7) in base 5?
-3024230424
Convert 21516255 (base 8) to base 10.
4627629
-244db1 (base 15) to base 9
-3237774
-178a4d (base 15) to base 11
-710898
Convert -